{"id":2,"date":"2012-10-24T12:21:37","date_gmt":"2012-10-24T16:21:37","guid":{"rendered":"http:\/\/mestradocomunicacao.draconis.ufms.br\/?page_id=2"},"modified":"2025-02-12T13:30:05","modified_gmt":"2025-02-12T17:30:05","slug":"pagina-exemplo","status":"publish","type":"page","link":"https:\/\/ppgcom.ufms.br\/en\/pagina-exemplo\/","title":{"rendered":"Curso"},"content":{"rendered":"<p style=\"text-align: justify\">O Programa de P\u00f3s-Gradua\u00e7\u00e3o em Comunica\u00e7\u00e3o &#8211; PPGCOM \u00e9 a designa\u00e7\u00e3o do curso de Mestrado em Comunica\u00e7\u00e3o da Universidade Federal de Mato Grosso do Sul e tem como diretrizes norteadoras capacitar pesquisadores para a \u00e1rea de comunica\u00e7\u00e3o; desenvolver estudos e t\u00e9cnicas voltadas \u00e0 qualifica\u00e7\u00e3o profissional para o exerc\u00edcio da doc\u00eancia em comunica\u00e7\u00e3o; promover pesquisas cient\u00edficas que busquem investigar a complexidade da comunica\u00e7\u00e3o, notadamente no que diz respeito ao seu car\u00e1ter regional e as linguagens e processos midi\u00e1ticos visando contribuir para o conhecimento cient\u00edfico da \u00e1rea; contribuir para a eleva\u00e7\u00e3o da qualidade dos produtos e servi\u00e7os desenvolvidos pelos meios regionais de comunica\u00e7\u00e3o, a partir de reflex\u00f5es te\u00f3ricas sobre seus processos e linguagens; conferir o grau de Mestre, com validade nacional do diploma condicionada ao reconhecimento pr\u00e9vio do curso pela Coordena\u00e7\u00e3o de Aperfei\u00e7oamento de Pessoal de N\u00edvel Superior (CAPES). Para atingir tais prop\u00f3sitos, o Programa abarca correntes te\u00f3ricas e pr\u00e1ticas comunicacionais articulando diferentes campos de estudos que buscam, na interdisciplinaridade, a compreens\u00e3o da complexidade dos processos comunicativos.<\/p>\n<h3 style=\"text-align: justify\"><strong>Coordenador (2017 &#8211; 2019)<\/strong><\/h3>\n<h4 style=\"text-align: justify\"><strong><a href=\"http:\/\/www.gersonmartins.jor.br\" target=\"_blank\" rel=\"noopener noreferrer\">Prof. Dr. Gerson Luiz Martins<\/a><\/strong><\/h4>\n<p style=\"text-align: justify\">Curr\u00edculo Lattes:\u00a0<a href=\"http:\/\/buscatextual.cnpq.br\/buscatextual\/visualizacv.do?id=K4700663A3\" target=\"_blank\" rel=\"noopener noreferrer\">http:\/\/buscatextual.cnpq.br\/buscatextual\/visualizacv.do?id=K4700663A3<\/a><\/p>\n<h3>Coordenador (2015 &#8211; 2017)<\/h3>\n<p>Prof. Dr. Marcelo Cancio<br \/>\nCurr\u00edculo Lattes:\u00a0<a href=\"http:\/\/buscatextual.cnpq.br\/buscatextual\/visualizacv.do?id=K4744034P6\" target=\"_blank\" rel=\"noopener noreferrer\">http:\/\/buscatextual.cnpq.br\/buscatextual\/visualizacv.do?id=K4744034P6<\/a>","protected":false},"excerpt":{"rendered":"<p>O Programa de P\u00f3s-Gradua\u00e7\u00e3o em Comunica\u00e7\u00e3o &#8211; PPGCOM \u00e9 a designa\u00e7\u00e3o do curso de Mestrado em Comunica\u00e7\u00e3o da Universidade Federal de Mato Grosso do Sul e tem como diretrizes norteadoras capacitar pesquisadores para a \u00e1rea de comunica\u00e7\u00e3o; desenvolver estudos e t\u00e9cnicas voltadas \u00e0 qualifica\u00e7\u00e3o profissional para o exerc\u00edcio da doc\u00eancia em comunica\u00e7\u00e3o; promover pesquisas cient\u00edficas [&hellip;]<\/p>\n","protected":false},"author":27155,"featured_media":152,"parent":0,"menu_order":1,"comment_status":"closed","ping_status":"closed","template":"","meta":{"ngg_post_thumbnail":0,"footnotes":""},"coauthors":[],"class_list":["post-2","page","type-page","status-publish","has-post-thumbnail","hentry"],"_links":{"self":[{"href":"https:\/\/ppgcom.ufms.br\/en\/wp-json\/wp\/v2\/pages\/2","targetHints":{"allow":["GET"]}}],"collection":[{"href":"https:\/\/ppgcom.ufms.br\/en\/wp-json\/wp\/v2\/pages"}],"about":[{"href":"https:\/\/ppgcom.ufms.br\/en\/wp-json\/wp\/v2\/types\/page"}],"author":[{"embeddable":true,"href":"https:\/\/ppgcom.ufms.br\/en\/wp-json\/wp\/v2\/users\/27155"}],"replies":[{"embeddable":true,"href":"https:\/\/ppgcom.ufms.br\/en\/wp-json\/wp\/v2\/comments?post=2"}],"version-history":[{"count":37,"href":"https:\/\/ppgcom.ufms.br\/en\/wp-json\/wp\/v2\/pages\/2\/revisions"}],"predecessor-version":[{"id":5054,"href":"https:\/\/ppgcom.ufms.br\/en\/wp-json\/wp\/v2\/pages\/2\/revisions\/5054"}],"wp:featuredmedia":[{"embeddable":true,"href":"https:\/\/ppgcom.ufms.br\/en\/wp-json\/wp\/v2\/media\/152"}],"wp:attachment":[{"href":"https:\/\/ppgcom.ufms.br\/en\/wp-json\/wp\/v2\/media?parent=2"}],"wp:term":[{"taxonomy":"author","embeddable":true,"href":"https:\/\/ppgcom.ufms.br\/en\/wp-json\/wp\/v2\/coauthors?post=2"}],"curies":[{"name":"wp","href":"https:\/\/api.w.org\/{rel}","templated":true}]}}

<p style="text-align: justify">O Programa de Pós-Graduação em Comunicação &#8211; PPGCOM é a designação do curso de Mestrado em Comunicação da Universidade Federal de Mato Grosso do Sul e tem como diretrizes norteadoras capacitar pesquisadores para a área de comunicação; desenvolver estudos e técnicas voltadas à qualificação profissional para o exercício da docência em comunicação; promover pesquisas científicas que busquem investigar a complexidade da comunicação, notadamente no que diz respeito ao seu caráter regional e as linguagens e processos midiáticos visando contribuir para o conhecimento científico da área; contribuir para a elevação da qualidade dos produtos e serviços desenvolvidos pelos meios regionais de comunicação, a partir de reflexões teóricas sobre seus processos e linguagens; conferir o grau de Mestre, com validade nacional do diploma condicionada ao reconhecimento prévio do curso pela Coordenação de Aperfeiçoamento de Pessoal de Nível Superior (CAPES). Para atingir tais propósitos, o Programa abarca correntes teóricas e práticas comunicacionais articulando diferentes campos de estudos que buscam, na interdisciplinaridade, a compreensão da complexidade dos processos comunicativos.</p>
<h3 style="text-align: justify"><strong>Coordenador (2017 &#8211; 2019)</strong></h3>
<h4 style="text-align: justify"><strong><a href="http://www.gersonmartins.jor.br" target="_blank" rel="noopener noreferrer">Prof. Dr. Gerson Luiz Martins</a></strong></h4>
<p style="text-align: justify">Currículo Lattes: <a href="http://buscatextual.cnpq.br/buscatextual/visualizacv.do?id=K4700663A3" target="_blank" rel="noopener noreferrer">http://buscatextual.cnpq.br/buscatextual/visualizacv.do?id=K4700663A3</a></p>
<h3>Coordenador (2015 &#8211; 2017)</h3>
<p>Prof. Dr. Marcelo Cancio<br />
Currículo Lattes: <a href="http://buscatextual.cnpq.br/buscatextual/visualizacv.do?id=K4744034P6" target="_blank" rel="noopener noreferrer">http://buscatextual.cnpq.br/buscatextual/visualizacv.do?id=K4744034P6</a>

<p>O Programa de Pós-Graduação em Comunicação &#8211; PPGCOM é a designação do curso de Mestrado em Comunicação da Universidade Federal de Mato Grosso do Sul e tem como diretrizes norteadoras capacitar pesquisadores para a área de comunicação; desenvolver estudos e técnicas voltadas à qualificação profissional para o exercício da docência em comunicação; promover pesquisas científicas [&hellip;]</p>
